 = -l**3 + 9*l**2 - 7*l - 12. Let o(x) = -4*q(x) + 3*v(x). Suppose 0 = -3*j + 6 + 9. Give o(j).
19
Let o(d) be the second derivative of -d**4/2 + d**3/6 + d**2/2 - 3*d - 7. What is o(-1)?
-6
Let v(o) = -o**3 + 6*o**2 - 3*o + 9. Suppose 54 = 5*t + 4*t. Let d be 3 - (-4)/(8/t). Give v(d).
-9
Let w = 210 - 210. Let o(z) = z**2 + z - 4. Determine o(w).
-4
Let m(l) be the second derivative of -l**4/12 - l**3/6 + 2*l**2 + 2*l - 1. Let i be -1*3/3 - 3. Calculate m(i).
-8
Let u = 183 + -186. Let l(o) = -16*o - 44. Give l(u).
4
Suppose -3*n = -2*f - 15, 2*f = 2*n - 0*n - 12. Let v(k) = 0*k - 3*k - 2 + n*k + 3*k. Determine v(-6).
-20
Suppose -3*x = 16 + 56. Let n be 1/2 + x/(-16). Let f(z) = -3*z - 4. Let j(h) = -h - 2. Let i(w) = -3*f(w) + 7*j(w). Calculate i(n).
2
Let j = -1 + 14. Suppose 5 + j = 2*o. Let l(p) = -p + 15. Calculate l(o).
6
Let g be (-4)/2 - (1 - (-111 + 3)). Let k = g - -109. Let n(j) = -2*j + 2. Determine n(k).
6
Let t be ((-12)/9)/((-2)/3). Let l(r) = r**2 - 5*r**2 - 2 + 3*r**t + 2*r. Let c be 2*(10/4 - 1). What is l(c)?
-5
Let v(c) be the first derivative of -c**4/4 - 5*c**3/3 - 5*c**2/2 - 2*c + 39. Let k be v(-3). Let b(j) = -j + 1. Give b(k).
6
Let g(p) = -p**2 + 5*p + 9. Let w = 2356 - 506. Let i be w/225 + (4/(-9))/2. Give g(i).
-15
Let f(k) = -k**2 + 3. Let s(b) = b - 15. Let g be s(9). Let p be (-6)/4*4/g. Let t be 0 - (0/2)/p. What is f(t)?
3
Let w(h) be the second derivative of -h**5/40 + h**4/8 + 8*h**3/3 + 15*h. Let b(y) be the second derivative of w(y). Give b(5).
-12
Let b(u) = -3*u + 40. Suppose -9 = -3*t, -49 = -2*l - t - 14. What is b(l)?
-8
Let f(d) = 2513*d**2 - 7*d + 3 + 14*d - 2512*d**2. What is f(-5)?
-7
Suppose -2*k + 8*k = -42. Let r(s) = -s**3 - 8*s**2 + 2*s - 7. Let u be r(k). Let i be u/(-7)*3/5. Let x(v) = v**3 - 6*v**2 + v. Give x(i).
6
Let t(v) = -v - 4. Let p(o) = -o + 14. Suppose 2*u = 16 + 64. Let h = u - 23. Let g be p(h). Give t(g).
-1
Let y = -331 - -326. Let z(r) be the third derivative of -r**5/60 - 5*r**4/24 - r**3/6 + 3*r**2. Give z(y).
-1
Suppose t = 4*v - 9*v - 2, 0 = 4*v + t + 1. Let m(k) = -6*k**2 - 1 + 4 - 4 - 5*k**2. What is m(v)?
-12
Let y(t) = -t**2 - 3*t - 5. Let w = 177 - 180. Give y(w).
-5
Let r(t) be the first derivative of 7*t**2/2 - t + 1. Let m(l) = l**2 + l - 23. Let q be m(4). Let n be ((-7)/(-3) + q)*15/10. What is r(n)?
-8
Suppose 5*y = -l + 18, -2*l - 2*y + 21 = 3*y. Let f(m) = 4 + l + m - 2*m. Let p = 11 - 5. Calculate f(p).
1
Let x(b) = b**2 + 4*b - 14. Let u = 1191 - 1197. Calculate x(u).
-2
Suppose 3*b = -0 + 3. Suppose -5*s = -19 - b. Suppose -1 = -s*d - 21. Let j(q) = 2*q + 5. Calculate j(d).
-5
Let a(y) = 4*y - 62. Let q(r) = -4*r + 68. Let g(l) = -6*a(l) - 5*q(l). Calculate g(11).
-12
Suppose -3*u - 8 - 19 = 0. Let m be 2/u - (-38)/9. Let q(s) = 3*s + 3*s - 6 + 0*s - m*s. Determine q(6).
6
Let k(d) = -40*d**3 - d**2 - d - 1. Let v be (-2)/12 - 255/306. Calculate k(v).
39
Let v(y) = -3*y - 1. Let q(i) = 7*i + 2. Let w(a) = -2*q(a) - 3*v(a). Let l be (-4)/(-2)*(2 - 1). Suppose -2*h = 8, l*u - 11 = 3*u + 3*h. Calculate w(u).
-6
Let k(o) = o**3 - 5*o**2 + 5*o - 2. Let d = 33 + -4. Let n = d + -26. What is k(n)?
-5
Let r(m) be the second derivative of 0 + 5/2*m**2 - 1/20*m**5 - 4*m + 1/6*m**3 - 5/12*m**4. What is r(-4)?
-15
Let t(a) = 0*a + a - 6 + 1. Suppose 7*p = 8 + 20. Let r = p - 0. What is t(r)?
-1
Let w = -897 - -899. Let r(d) = 4*d**2 - 3*d. Give r(w).
10
Suppose 30 = 6*d - 3*d. Let s = 21 - d. Let l(n) = n**3 - 2 - 21*n - 6*n**2 + s*n - 1 + 11*n. Give l(6).
3
Let x(l) = -9*l**2 - 12*l - 2. Let t(c) = 25*c**2 + 35*c + 6. Let a(j) = -4*t(j) - 11*x(j). What is a(-7)?
5
Let q(b) = -b**3 - 5*b**2 - 2*b - 5. Let a(z) = 4*z**3 + z**2 - z - 1. Let r be a(2). Suppose 2*u - r = 1. Let n = -21 + u. Determine q(n).
-13
Let s(c) = -139 - 137 - c + 281. Let h be s(4). Let t(p) = -12*p. Give t(h).
-12
Let c(h) = h**2 + 11*h + 4. Suppose -40 = -3*n - 5*r + r, 3*n = -r + 28. Suppose -3 = u + n. Determine c(u).
4
Let j = 564 - 558. Let d(o) = o - 12. Give d(j).
-6
Suppose 121 = 81*p - 92*p. Let i(v) = 3*v + 43. Determine i(p).
10
Let u(z) = 2*z**2 - 2. Let p(t) = -t**2 + 4*t - 3. Let v be p(5). Let j = 20 + -10. Let r = j + v. Calculate u(r).
6
Let p = 52 - 51. Let k(o) = 7 - 6 + 0 - 5*o**2 + o**3 + p. Suppose -4*f = -12 + 4. What is k(f)?
-10
Let i = 193 - 194. Let z(k) be the second derivative of k**3/6 + k**2/2 + k. Let g be z(i). Let m(h) = h + 3. Give m(g).
3
Suppose -c - 2*g + 8 = 0, 0 = -3*c + 2*c + 3*g - 17. Let y(m) be the second derivative of 1/6*m**3 + 1/12*m**4 + 0 - m**2 - 9*m. Calculate y(c).
0
Let h(l) = -88*l**2 + 1 - 1 - 5*l + 87*l**2 - 4. Let r(n) be the second derivative of n**4/12 - 5*n**2/2 + 4*n. Let z be r(0). Give h(z).
-4
Let p(q) = -q + 5. Suppose 69 + 27 = 6*t. Let c = 14 - t. Let i be ((-22)/4 + 2)*c. What is p(i)?
-2
Let y(q) = -2*q**2 - 8*q - 10. Suppose -4*d = 333 - 317. Calculate y(d).
-10
Let d(p) = p + 10. Let a(x) = 5*x + 5. Let s be a(10). Suppose 9*l = 5*y + 4*l + s, -3*l = -y - 15. Determine d(y).
1
Let y(g) = 97*g + 7. Let r be y(0). Let t(q) = -7 - 1 + 2*q + 0. Calculate t(r).
6
Suppose -2*r + 272 = 2*r. Let u(w) = 2*w + r*w**2 - w - 67*w**2. Suppose -8 = 3*d + d. Determine u(d).
2
Suppose -13 = 5*u - 23. Let r(h) = -4*h - 2 + 2*h + 4*h**3 - 5*h**3 + 4*h**2. Give r(u).
2
Let t(z) be the second derivative of z**5/20 + 5*z**4/4 + 5*z**3/2 + 7*z**2 + 198*z. What is t(-14)?
0
Let n(k) = k**2 + 11*k + 6. Let r be 1/(-5) + (71/5 - 5). Suppose -19 = r*g + 71. Calculate n(g).
-4
Let i(l) be the third derivative of l**4/12 + 8*l**3/3 - l**2 - 9*l. Give i(-12).
-8
Let w = -67 - -95. Let h = 2 - w. Let m = h + 31. Let x(b) = b**3 - 4*b**2 - 8*b + 4. Calculate x(m).
-11
Let i(f) = f**3 + 7*f**2 - f - 3. Let d = 6 - -12. Let t(q) = q**3 - 19*q**2 + 16*q + 29. Let w be t(d). Determine i(w).
4
Let p(i) = 97*i + 370. Let u be p(-4). Let x(g) = 2*g + 39. Calculate x(u).
3
Let p(j) = 4*j**2 + 3*j. Let q be p(-2). Let v(w) = q*w**2 - 6*w**2 - 5*w**2 - 9*w + 8*w + 1. Determine v(-5).
-19
Let j(b) be the third derivative of -b**6/120 + 2*b**5/15 - b**4/24 + 11*b**3/6 + b**2. Let p(g) = 10*g - 212. Let d be p(22). What is j(d)?
3
Let n(o) = -7*o - 67. Let s(t) = -3*t - 30. Let k(w) = 2*n(w) - 5*s(w). Give k(4).
20
Let z(h) = -h**3 - 2*h**2 + 4*h. Let g be (42/(-84))/(2/12). Determine z(g).
-3
Suppose 5*h + 420 = 15*h. Let m = h - 46. Let b(o) = -o**2 - 4*o - 4. What is b(m)?
-4
Let l(v) = -v**3 - v**2 + 5. Suppose 0 = 5*d - 4*t + 55, -2*t - 36 = 2*d + 4. Let k be ((-63)/(-12))/(d/(-20)). Suppose 0 = 5*o - k*o. Give l(o).
5
Suppose -10*o = -8*o + 4*c + 16, 3*c + 9 = 0. Let w(l) be the second derivative of l**4/2 - l**3/2 - l**2 - 2*l. Calculate w(o).
28
Let t(p) = p**2 - 1. Let w(o) = -6*o**2 + o + 5. Let l(c) = 5*t(c) + w(c). Let z be l(2). Let g(h) = 3 - 3*h + 0 - 4 + 462*h**2 - 463*h**2. Calculate g(z).
1
Let l(p) be the third derivative of 7*p**4/24 - p**3/3 - 78*p**2. Calculate l(2).
12
Let t(v) = v**2 - 7*v - 2. Let n(a) = -a**2 + 5*a + 32. Let m be n(11). Let z = -28 - m. Determine t(z).
-8
Let v be 4/(-6) + 65/3. Suppose -4*l - 5 = -v. Let p(u) = -u - 2. What is p(l)?
-6
Let v(g) = -19*g + 2. Let r be (-10)/25 + ((-63)/15)/7. Calculate v(r).
21
Suppose 3*b + 3*t = -18, -2*b = -4*t + 17 + 7. Let z(k) = k**2 + 6*k - 13. Determine z(b).
3
Suppose 0*p + 4*p + 98 = 3*j, 118 = 4*j + p. Suppose 0 = -0*q + 5*q + j. Let w(g) = -2 + g + 9 - 7. Determine w(q).
-6
Let q(z) = 16*z**2 + 1 + 8*z**2 - 2 + 17*z**2 - z - 43*z**2. Give q(-5).
-46
Let y(h) = 14*h - 4. Let k(j) = 25*j - 6. Let o(z) = -5*k(z) + 8*y(z). Give o(-1).
11
Let y(q) = q**2 + 4*q - 4. Let m = -67 + 64. Let k(g) = -g**2 - 5*g + 5. Let b(n) = m*k(n) - 4*y(n). Let o be 4/6*3 + -2. What is b(o)?
1
Let i = -8 + -22. Let b = 9 + i. Let t = b - -25. Let z(c) = 2*c + 1. Give z(t).
9
Let u be ((-155)/(-30))/(-31)*6. Let k(p) = 8*p - 1. Let a(d) = -17*d + 2. Let h(b) = 3*a(b) + 7*k(b). Determine h(u).
-6
Let i(t) = t**3 + 14*t**2 + 13*t - 4. Let o be 280/(-1260) + 115*(-2)/18. Give i(o).
-4
Let t be 22 + -26 + (-2 - -1). Let g(q) = -9*q - 4. Determine g(t).
41
Let u(h) = 2*h - 6. Let g be u(4). Suppose -g*p = 7 + 1, p = -k - 6. Let b(t) = 3*t. Let r(d) = 2*d + 1. Let w(l) = -b(l) + 2*r(l). Give w(k).
0
Let m